he greatest common factor of j and z?
8
Let c = -3457 - -3464. Calculate the greatest common factor of c and 1043.
7
Let g be ((-40)/(-50))/(3/(-5) - -1). Let y(r) = -12 - 10*r**2 - 1 - 4*r + 2*r + 11*r**g. Let f be y(7). Calculate the highest common divisor of 176 and f.
22
Suppose 3*n - 90 = 5*n. Let v = -42 - n. Suppose -3 = v*k, -2*u + 8*k = 3*k - 105. Calculate the greatest common factor of u and 10.
10
Let u(k) = 3*k**3 + 3*k**2 - 8*k + 4. Let p be u(2). Suppose -p*r + 28*r = 0. Suppose 2*o - 9*o + 140 = r. Calculate the highest common factor of 140 and o.
20
Let n = 88 + -16. Let p be -10*(2/30 - (-1)/3). Let l be 105/12 + -2 + (-9)/p. What is the highest common divisor of n and l?
9
Suppose -171080 = -82*q - 282*q. Calculate the greatest common factor of 230 and q.
10
Let z(i) = i**3 - 45*i**2 + 229*i + 21. Let q be z(5). Calculate the greatest common divisor of q and 913.
83
Suppose -4*d - 2*n + 47 = -3*n, -4*d = -4*n - 56. Let z = 4 + d. Suppose -z*h + 192 = -11*h. What is the greatest common divisor of h and 16?
16
Let v be 113/2*(-8 + 14 - 0). Let j = v - 285. What is the greatest common divisor of j and 189?
27
Let a(d) = d + 4. Let p be a(-5). Let n be (p + 2)/((-20)/(-40)). Suppose n*x = -3*x + 90. What is the highest common divisor of x and 18?
18
Suppose 2*z - 59 = -3*z + b, -4*b - 60 = -4*z. Suppose -k = -34*d + 37*d - 57, 0 = 5*k + d - 173. Calculate the greatest common factor of k and z.
11
Let a = -168 + 448. Suppose 4*h - l = 1141, 0 = 2*h - 3*h + 2*l + a. What is the highest common divisor of 22 and h?
22
Let t be 27/189 + (-97915)/7*-1 + 2. Calculate the greatest common divisor of 10 and t.
10
Let l be 250/(-3)*16/40*-21. Calculate the highest common factor of 168 and l.
28
Suppose -38*y - 4256 = -114*y. Calculate the highest common divisor of y and 1778.
14
Suppose 5*g - 204 = 61. What is the greatest common factor of g and 4187?
53
Suppose 5*c = -2*o + 525, 5*c - 4*o - 796 = -241. Suppose -14*n + c - 23 = 0. What is the greatest common factor of 9 and n?
3
Let o(i) = -2*i**3 + 34*i**2 + 6*i - 38. Let l be o(17). Let q = 6 + -4. Suppose 0 = -q*v - 3*v + 40. What is the highest common factor of v and l?
8
Let y be (70/(-6) + (-36 - -43))*(-111)/2. Calculate the greatest common divisor of y and 28.
7
Let w be (93 - 98) + (-18436)/(-2). Calculate the highest common divisor of 74 and w.
37
Let r(k) = -k**3 - 38*k**2 + 419*k - 83. Let a be r(-47). Calculate the highest common divisor of a and 21.
21
Let q = 216 - 218. Let l(p) = -p**3 - p**2 - 1. Let w be l(q). Calculate the highest common factor of 21 and w.
3
Let g = -612 - -623. Let t be (-4)/(-10)*(g + -9)*10. Let j(k) = -3*k - 2. Let b be j(-2). Calculate the highest common divisor of b and t.
4
Let c be 2/(48/51) + (-8)/64. Let q be (462/(-55))/(c/(-35)). Calculate the greatest common factor of 98 and q.
49
Let z be 12/(-10)*(-15)/6. Let o be (-1 - -2)*213/z. Let p = o + -63. Calculate the highest common divisor of p and 4.
4
Let p be (-12)/16 - ((-124)/16 + 0). Suppose 711 + 66 = p*s. Calculate the highest common factor of 37 and s.
37
Suppose -227 = -r - 231. Let o(h) = -h**2 - 7*h - 4. Let f be o(r). Let j be ((-66)/f)/((-63)/168). What is the highest common divisor of 99 and j?
11
Let l be 5558 - (80/32)/(25/(-10)). Calculate the highest common divisor of 51 and l.
51
Let k(g) = 7*g**2 + 31*g - 8. Let b be k(-5). Suppose -9 = -i + b. What is the highest common factor of 12 and i?
3
Suppose -72 + 62 = -5*r. Suppose 0 = 3*q - 7*i + 3*i - 336, r*q = -5*i + 201. Calculate the highest common divisor of 18 and q.
18
Let l(j) = -330*j + 615. Let s be l(-2). What is the highest common factor of 75 and s?
75
Let a = -77 - -79. Suppose a*o + 48 = -2*o. Let y be (2 - 140/o) + 3/9. What is the highest common factor of 140 and y?
14
Let w(o) = -8*o - 2. Let d be w(-6). Let z be (-168)/560 - 16/(-20) - 2206/(-4). Calculate the greatest common divisor of d and z.
46
Let o(k) = 9*k**2 + 22*k - 145. Let v be o(7). Calculate the highest common divisor of v and 1150.
50
Suppose 492 = 5*i - 6*i. Let n = -316 - i. Suppose -o = -2*t + 161, -3*t + o + n + 65 = 0. What is the greatest common divisor of 5 and t?
5
Let l be (-165)/(-2) + (19 - (-315)/(-18)). What is the highest common factor of 217 and l?
7
Suppose 41 = -5*r + 266. Let o(m) = -m**2 + 13*m - 3. Let t be o(11). Suppose t*j - 150 = 135. What is the greatest common divisor of r and j?
15
Suppose -x - 3*x + 92 = 0. Suppose -230 = -5*l + 4*v, -77*v - 46 = -l - 74*v. What is the greatest common divisor of x and l?
23
Suppose 0 = -3*t - v + 53, 89*t + 3*v = 93*t - 62. Suppose 0 = -3*o + 1130 + 145. Calculate the highest common divisor of o and t.
17
Let t(y) = -y**3 - 171*y**2 - 24*y - 3982. Let h be t(-171). What is the highest common factor of 3721 and h?
61
Suppose -4*d = m - 293, 11*d - 6*d = -2*m + 370. Let n = 90 - d. Calculate the greatest common divisor of n and 6.
6
Let d(h) = 3*h**2 + 2*h**2 - 6*h + 4 - 4*h - 3*h. Let a be d(4). What is the greatest common factor of 256 and a?
32
Let u be 933 + -3*(14 + -11). What is the highest common divisor of u and 84?
84
Suppose -4*y = 5*s - 343 - 58, y = -s + 100. Calculate the greatest common factor of 77 and y.
11
Let o be (15/(-10))/((-3)/(-40)). Let p = o - -29. Suppose -2*l = f - 193, -f - 219 = -5*l + 281. Calculate the highest common factor of p and l.
9
Suppose -38240 = -24*p + 36472. Calculate the greatest common divisor of p and 77.
11
Suppose -60225 = -38*w - 3225. What is the greatest common divisor of 450 and w?
150
Suppose 18*l + 13888 = 5*d, -4*d - 2*l = -3*l - 11164. Calculate the greatest common divisor of d and 32.
8
Suppose 0 = d - a - 23, 511*d - 5*a = 513*d - 60. Calculate the highest common factor of 6575 and d.
25
Let o(m) = -35*m + 638. Let g be o(-68). Calculate the greatest common factor of g and 6.
6
Suppose -143*m + 138*m - 3*i = -3642, -m + 2*i + 718 = 0. Calculate the greatest common factor of 18 and m.
6
Let l = -25 - -58. Suppose 6*q = -l + 153. Let o(d) = -d**3 + 19*d**2 + 24*d + 28. Let m be o(q). What is the greatest common divisor of 12 and m?
12
Let c(g) = -g**2 + 114*g + 8. Let m be c(112). What is the greatest common divisor of 435 and m?
29
Suppose 157 = -123*p + 526. What is the highest common factor of p and 1569?
3
Let b = 7204 + -5188. Calculate the greatest common factor of 18 and b.
18
Suppose -9573 = 35*j + 16*j - 166347. What is the greatest common divisor of 265 and j?
53
Let w(l) = l**2 + 50*l + 560. Let t be w(-66). What is the greatest common divisor of 303 and t?
101
Let r be (7 - (19 - 10))*(-115)/(-2). Let i = 214 + r. Calculate the highest common factor of 11 and i.
11
Suppose 64 + 23 = -3*q. Let k = q + 59. Suppose -56 - 104 = -2*n - 5*t, 0 = -5*t + 10. What is the greatest common factor of k and n?
15
Let d = -389 + -130. Let q = -222 - d. Calculate the greatest common factor of 27 and q.
27
Let b = 41 + -35. Let p be (189/(-35))/(b/(-100)). Calculate the highest common divisor of 18 and p.
18
Let y(i) = i**2 - 2*i + 7*i**2 - 4*i**2 - 8 - 8*i + i**3. Let c be y(-4). Suppose -c = 4*q - 8*q. What is the greatest common divisor of 2 and q?
2
Suppose -4*o - 239 = -5*c, -191 = -4*c + 3*o - 0*o. Let p = 1294136 - 1294042. What is the greatest common divisor of p and c?
47
Let u be (40640/85)/16 + (-2)/(-17). What is the greatest common factor of u and 27?
3
Let a be 3 - 2 - 1 - -4. Suppose a*o - 5 = -o. Let n(w) = -w**2 - 57*w - 801. Let y be n(-27). What is the highest common factor of y and o?
1
Let m(c) = -c**3 + 5*c**2 + 14*c + 3. Let p be m(7). Suppose 5*y = p*y + 16. Let z be (15/(-9) - 1)*-6. Calculate the highest common divisor of y and z.
8
Suppose -2437 = -35*b + 5*b - 37. What is the highest common factor of 670 and b?
10
Let o be (((-69)/(-21) - 1) + -2)*-7. Let h be (-7)/o - (189/18 - 10). Calculate the highest common factor of 93 and h.
3
Let w(p) = 2*p**2 + 2*p - 27. Let h be w(-12). Suppose -h*x - 476 = -244*x. What is the highest common factor of 17 and x?
17
Let t = -29 + 29. Suppose 33*u + 25*u - 8874 = t. What is the greatest common divisor of u and 255?
51
Let c = -10909 - -13229. What is the greatest common divisor of 400 and c?
80
Suppose 23*p - 21320 = -17*p. Let q be (-1 - 158/6)/(14/(-21)). What is t